 k(f) = -4 + 3*f + 2*f - 4*f**2 + 6*f**2. Let i = -779 - -1295. Let s = i + -520. What is k(s)?
8
Let d(n) be the third derivative of -n**6/120 - n**5/20 - n**4/24 - n**2. Let z = 111549 - 111551. Give d(z).
-2
Let m(c) = -10 + 39 - 16 + 15*c - 15. Let k(v) = 41*v - 8. Let f(l) = -4*k(l) + 11*m(l). Calculate f(10).
20
Let h(k) = k**2 - 21*k + 88. Let a be (12 + -23 + 14)*(-5)/(-1). Determine h(a).
-2
Let n = -12122 - -12143. Let c(o) = 2*o**3 - 42*o**2 - 4*o + 89. What is c(n)?
5
Let w(f) = -f**3 - f**2 + f + 6. Let u = -15 - -8. Let q be (-14)/(-49) + 79/u. Let o = q + 11. Calculate w(o).
6
Let g(x) = 13*x - 137. Let u be g(11). Let p(z) = 0*z**3 + 11*z + 4*z**2 - 14*z - z**3 + u*z. Let k = 17 - 12. What is p(k)?
-10
Let p be (1 - 12)/((-3)/15). Suppose 9*a - 8 = p. Let s(o) = 2*o - a + 9*o + 15*o + 6. Calculate s(1).
25
Let y(j) be the second derivative of j**5/20 + 5*j**4/4 + 55*j**3/6 + 5*j**2/2 - 1014*j. Give y(-6).
-1
Let j(t) = 45*t**2 + 51*t - 9. Let x(h) = 245*h**2 + 258*h - 44. Let n(r) = 11*j(r) - 2*x(r). Calculate n(-9).
-11
Suppose 0 = -2*q - 4*q + 168. Let h = q - 28. Let o be (-1 - h)/(1/5). Let u(r) = -3*r - 2. Calculate u(o).
13
Let v(p) = p**2 + 5*p + 10. Suppose 2*a - 5*t - 22 = 0, -16*a - 3*t = -14*a - 6. Give v(a).
76
Let x(l) = l**2 + 8. Let c(y) = 4*y**2 - y + 48. Let j(o) = c(o) - 5*x(o). What is j(-4)?
-4
Suppose 10 = -19*q + 67. Suppose s = q*p + 6, -8*s - p + 9 = -12*s. Let d(c) = c**2 + 5*c + 1. Calculate d(s).
-5
Let q(t) = 4*t**2 + 3*t + 4. Let i(b) = -5*b**2 - 4*b - 5. Let s be (-344)/(-72) - (-6)/27. Let p(o) = s*i(o) + 6*q(o). Give p(-3).
-4
Suppose -21 + 75 = -6*o - 2*c, o = 3*c - 9. Let z(d) = -7*d - 19. Determine z(o).
44
Suppose -20 = -3*g - 11. Let u(k) = -1 - 3 + 6*k**2 + 3 - 6*k**3 + 2. Let a(p) = -p**3 + p**2 - p + 1. Let l(j) = 5*a(j) - u(j). What is l(g)?
7
Let n(z) = -z**3 + 7*z**2 - 6*z + 4. Suppose 18 = -2*u + 2*y, -5*y - 3 = 4*u + 6. Let l = u - -18. Suppose -3*a + h = 2*h - 18, -5*h = -2*a + l. Give n(a).
4
Let g(d) = -7*d - 2. Let f(w) = -9*w - 6. Let k(u) = 7*u + 6. Let z(i) = -5*f(i) - 4*k(i). Let x(t) = 5*g(t) + 2*z(t). Calculate x(-5).
7
Let d(w) = -1186*w + 1186*w + 3*w**2 - 4*w**2. Let f be ((-5)/(-7))/(-5) - (-8)/7. Calculate d(f).
-1
Let s(p) = 269*p + 1885. Let t be s(-7). Let r(l) = 12*l**2 - 2. What is r(t)?
46
Let m(g) be the second derivative of -g**4/12 + g**3/3 - 3*g**2/2 + 995*g. Suppose 0*o = -4*o + 20. Suppose -o*a + 9 + 7 = -2*i, -3*a - 3 = 3*i. Calculate m(a).
-3
Suppose -20 = 3*c - 2*y, 3*c - 2*y - y = -24. Let i(l) = l. Let q(a) = a**3 - 3*a**2 - 2*a + 1. Let d(k) = c*i(k) - q(k). Give d(3).
-7
Let n be (-26)/(-10) + 21/(-35). Let x(r) = -12 + r**2 + 7*r**2 + r**2 - 10*r**n - 11*r. Give x(-10).
-2
Let h(f) = -2*f - 3724*f**2 + 1876*f**2 + 1849*f**2 + 5 - 13. Calculate h(-4).
16
Let x = -10279 + 10315. Let p(i) = 2*i**2 - 70*i - 66. Calculate p(x).
6
Let y = 15 - 19. Let q(c) = -3*c**3 - 7*c**2 - 11*c + 14. Let t(p) = -7*p**3 - 14*p**2 - 22*p + 29. Let v(a) = y*t(a) + 9*q(a). Determine v(8).
-14
Let l(c) = c**2 + 14*c + 46. Let t be l(-10). Let w(y) be the second derivative of 5*y**3/6 - y**2/2 - 27*y. Give w(t).
29
Let a(f) = -f**3 - 2*f**2 - 2*f + 6. Let t be a(-3). Let r(u) = t*u - 48*u + 26*u + 9. What is r(0)?
9
Let f(g) = 853*g - 843*g - 40 - 27 + 0 - 3. Give f(7).
0
Let k(l) = -177*l**3 + 6*l**2 + 13*l + 21. Let p(m) = -44*m**3 - m**2 + m. Let t(z) = k(z) - 4*p(z). Calculate t(11).
-1
Let p(u) = u - 12. Let j(k) = -k**2 - 13*k - 30. Let y(a) = -a**2 + 13*a + 39. Let h be y(16). Let d be j(h). What is p(d)?
-6
Let j = 498 + -525. Let q be 90/j + (-14)/21. Let o(t) = t + 5. What is o(q)?
1
Let z(m) be the first derivative of -m**4/4 + 13*m**3/3 - 10*m**2 - 14*m - 5349. Calculate z(11).
8
Let k = 8888 + -8884. Let r(d) = 5*d - 14. Determine r(k).
6
Let x(a) = -a**2 - 9*a - 14. Let d(s) = -s**2 + 26*s + 186. Let n = -449 - -443. Let q be d(n). Give x(q).
4
Let f(j) = -2*j**3 + 8*j**2 + j**3 - 3*j**2 - 4 + 7*j. Let x(o) = -1297*o + 1303. Let z be x(1). What is f(z)?
2
Let v(k) = k**2 - 12*k + 15. Let s(i) = i - 1. Let u(y) = 60*y + 10. Let d(g) = -110*s(g) + 2*u(g). Let a be d(-12). Determine v(a).
-5
Suppose -3*w = 3*i, -20*w - 20 = -21*w + 4*i. Let m(z) be the first derivative of 15 - 1/4*z**4 - 2*z**2 - w*z - 5/3*z**3. Calculate m(-3).
-10
Let b(s) = s - 7. Suppose 1557 = -70*r - 103*r. Determine b(r).
-16
Let m(b) = b**3 - b**2 - 3*b + 6. Suppose 12*j + 18*j + 21*j + 204 = 0. What is m(j)?
-62
Let j(f) = -f**3 - 7*f**2 + 9*f + 10. Let p be -30*4/(-10)*30/24. Suppose -r + 4 = -2*i, 2*i + 3 + p = 2*r. Suppose -r = 3*d + 10. What is j(d)?
2
Let x(r) be the second derivative of r**3 + 7*r**2 - 145*r. What is x(-6)?
-22
Let d(w) be the first derivative of w**4/12 - w**3/3 - 7*w**2/2 + 126*w + 134. Let c(m) be the first derivative of d(m). What is c(5)?
8
Let f(l) be the second derivative of l**4/12 + l**3/6 + 2*l**2 + 10*l. Let a be 1/(-2)*5*-6. Let c = -15 + a. What is f(c)?
4
Let v(i) = -14*i + 1. Suppose 4*k - 3*b = 215, -5*k = b - 216 - 48. Let x = -54 + k. Determine v(x).
15
Let l(a) = 13*a**2 + 6*a - 11. Let c(w) = 4*w**2 + 2*w. Let d(x) = -3*c(x) + l(x). Calculate d(-7).
38
Let a(s) = -47*s + 1433. Let x be a(30). Let l(m) be the second derivative of x*m - m**2 + 0 + 1/6*m**3. What is l(7)?
5
Let z(o) be the second derivative of -7*o**3/3 + 30*o**2 + 589*o. Calculate z(3).
18
Let s(n) = -n**3 + 4 + 4 - 4 - 4 + 1 + 2*n**2. Let j(b) = 3*b**3 - 2*b**2 - 2*b - 2. Let i(d) = -j(d) - 2*s(d). What is i(-4)?
24
Let p(w) = 3*w**2 - 13*w - 42. Let n be p(-3). Let j be 136/85 - n/15. Let k(h) = h - 13. What is k(j)?
-13
Let n(y) = -2*y**2 + 2*y + 1. Suppose 3*z = -g + 115, -5*z + 2*g + 0*g + 210 = 0. Suppose 24 = 4*k - z. Suppose k = 3*v + 7. Determine n(v).
-11
Let h(t) = 6*t + 144. Let q be h(-6). Let m(k) = -102 - q + k + 189. What is m(0)?
-21
Let h(x) = 2*x**3 + 8*x**2 - x - 3. Let n be ((-23)/((-1587)/184))/(2/(-3)). What is h(n)?
1
Let f(q) = 9*q**2 + 9*q - 5. Let j(g) be the third derivative of -11*g**5/60 - 3*g**4/8 + 2*g**3/3 - g**2 - 7. Let w(c) = 6*f(c) + 5*j(c). Determine w(8).
-2
Let k be (5 - (12/6 - 3)) + -4. Let s(w) = -2*w**k + 247*w + 19 + 3*w**2 - 232*w. What is s(-14)?
5
Let w(d) = -6 - 2300*d**2 + 5*d + d - 2300*d**2 + 4603*d**2 + 2*d**3. Let s be w(0). Let t(v) = -2*v - 4. Determine t(s).
8
Let p be 6/27 + 2/((-36)/(-338)). Suppose -l + p - 16 = -j, -j - 4*l + 17 = 0. Let a(t) = 7*t. Calculate a(j).
7
Let x(l) = 795*l**2 + 1191*l**2 - 2*l**3 + 58*l - 8 - 1984*l**2. Calculate x(6).
-20
Let j(i) = -i**3 - 6*i**2 + 6*i + 27. Let u(z) = -3. Let s(q) = -j(q) - 8*u(q). Give s(-4).
53
Let b(j) = -13*j**2 - 454*j + 199*j + 257*j. Give b(-2).
-56
Let g(r) = r - r**2 + 3*r**2 + 1 + 15*r - r**2 - 10*r. Let p(i) = i**3 - i**3 - 4 + 4*i**2 + 5*i**2 + i**3. Let q be p(-9). What is g(q)?
-7
Let x(j) be the first derivative of -j**3/3 + 3*j**2 + 64*j + 1146. Calculate x(-5).
9
Let f = 14520 - 14527. Let m(y) = -2*y - 1. Let o(v) = -v. Let t(c) = -3*m(c) + 4*o(c). What is t(f)?
-11
Let k(s) = s**3 + s**2 - 3*s + 538. Let q be k(0). Let p = q - 529. Let f(t) = t**2 - 1. Let h(m) = -4*m**2 + 9*m - 6. Let w(x) = 3*f(x) + h(x). Determine w(p).
-9
Let i(u) = -u**2 + 8*u + 11. Let v(f) = -11*f**2 - 5*f - 16. Let a(w) = 11*w**2 + 3*w + 16. Let b(q) = -6*a(q) - 7*v(q). Let o be b(-1). Give i(o).
-9
Let k(a) = -a**3 + 6*a + 3. Suppose 20*x - 28*x + 33 = -19*x. Calculate k(x).
12
Let h(s) be the third derivative of s**6/120 + s**5/30 - s**4/24 - 2*s**3/3 - 295*s**2 - 1. Calculate h(-4).
-32
Let y be (-2 + 87/15)/(93/465). Let h(d) = d**3 - 19*d**2 + 2*d + 16. Give h(y).
54
Let y = -260 - -270. Let z(j) = -8*j - 9*j**3 - 4*j + 10*j**2 + y*j**3 - 16 + 12. Calculate z(-11).
7
Let b(q) = -3 + 24*q**2 - 5*q**3 + 0*q**3 - 8*q - 7*q**2 + 2*q**3. Let n(z) = 5*z**3 - 26*z**2 + 12*z + 5. Let m(d) = 8*b(d) + 5*n(d). Determine m(-7).
-20
Let f(p) = 7*p**2 + 107*p + 4. Let r(q) = -4*q**2 - 63*q - 2. Let n(t) = -3*f(t) - 5*r(t). Suppose 3 = -k + 2. Let m = k - 4. Give n(m).
3
Suppose -3*v + 20 = -28*r + 33*r, -3*v - 4*r = -19. Let l(g) = -g - 12. Calculate l(v).
-17
Let b = -1 - -3. Let f be ((-2)/2)/((-3)/6) + 0. Let s(y) = 5 + f*y + b - 5. Determine s(-6).
-10
Let h(q) = -q**3 - q**2 - 16